678415.
5, 61, 5503
What are the prime factors of 31769774?
2, 15884887
What are the prime factors of 3635040?
2, 3, 5, 7573
What are the prime factors of 592062?
2, 3, 101, 977
What are the prime factors of 97876?
2, 24469
List the prime factors of 16965699.
3, 5655233
List the prime factors of 259150.
2, 5, 71, 73
What are the prime factors of 6470?
2, 5, 647
List the prime factors of 3249061.
3249061
List the prime factors of 4092308.
2, 11, 17, 5471
List the prime factors of 141775.
5, 53, 107
What are the prime factors of 5310820?
2, 5, 265541
What are the prime factors of 25146594?
2, 3, 11, 89, 1427
List the prime factors of 1190477.
1190477
List the prime factors of 4413028.
2, 1103257
What are the prime factors of 11867470?
2, 5, 491, 2417
List the prime factors of 109944.
2, 3, 509
What are the prime factors of 291469?
41, 7109
What are the prime factors of 192373?
192373
List the prime factors of 700461.
3, 25943
List the prime factors of 8472732.
2, 3, 17, 41, 1013
What are the prime factors of 4489144?
2, 11, 139, 367
What are the prime factors of 1857015?
3, 5, 29, 1423
List the prime factors of 234771.
3, 139, 563
List the prime factors of 835071.
3, 173, 1609
List the prime factors of 1795317.
3, 598439
What are the prime factors of 4416277?
17, 259781
List the prime factors of 1457244.
2, 3, 103, 131
List the prime factors of 33254.
2, 13, 1279
List the prime factors of 43766.
2, 79, 277
List the prime factors of 508508.
2, 7, 11, 13, 127
List the prime factors of 4565700.
2, 3, 5, 19, 89
List the prime factors of 127432.
2, 17, 937
List the prime factors of 105145.
5, 17, 1237
What are the prime factors of 3021052?
2, 691, 1093
What are the prime factors of 721078?
2, 89, 4051
List the prime factors of 67662.
2, 3, 7, 179
List the prime factors of 542604.
2, 3, 103, 439
What are the prime factors of 1435001?
1435001
What are the prime factors of 644916?
2, 3, 223, 241
What are the prime factors of 5091154?
2, 263, 9679
What are the prime factors of 1876313?
131, 14323
What are the prime factors of 393804?
2, 3, 10939
List the prime factors of 164803.
97, 1699
What are the prime factors of 35633176?
2, 4454147
What are the prime factors of 528996?
2, 3, 13, 3391
What are the prime factors of 504361?
11, 13, 3527
What are the prime factors of 1036376?
2, 11, 11777
What are the prime factors of 1821125?
5, 17, 857
What are the prime factors of 577392?
2, 3, 23, 523
List the prime factors of 12350324.
2, 7, 197, 2239
List the prime factors of 2943023.
17, 233, 743
What are the prime factors of 420141?
3, 23, 6089
List the prime factors of 335700.
2, 3, 5, 373
List the prime factors of 158723.
23, 67, 103
What are the prime factors of 147472?
2, 13, 709
What are the prime factors of 1357096?
2, 13, 13049
List the prime factors of 4526230.
2, 5, 263, 1721
List the prime factors of 713371.
17, 29, 1447
List the prime factors of 274449.
3, 7, 1867
What are the prime factors of 3898895?
5, 7, 11, 13, 19, 41
What are the prime factors of 716369?
491, 1459
List the prime factors of 9284911.
53, 239, 733
What are the prime factors of 1634571?
3, 181619
List the prime factors of 16627710.
2, 3, 5, 11, 50387
List the prime factors of 430578.
2, 3, 19, 1259
What are the prime factors of 263517?
3, 17, 5167
List the prime factors of 258132.
2, 3, 7, 439
What are the prime factors of 1256667?
3, 418889
List the prime factors of 385600.
2, 5, 241
What are the prime factors of 2775181?
2775181
List the prime factors of 4974140.
2, 5, 248707
What are the prime factors of 1279026?
2, 3, 7, 10151
List the prime factors of 350049.
3, 7, 79, 211
What are the prime factors of 5963312?
2, 372707
What are the prime factors of 35303217?
3, 37, 557, 571
What are the prime factors of 7677381?
3, 1487, 1721
List the prime factors of 851626.
2, 425813
List the prime factors of 4316930.
2, 5, 431693
List the prime factors of 88035.
3, 5, 5869
What are the prime factors of 5766369?
3, 7, 39227
What are the prime factors of 2200924?
2, 11, 50021
What are the prime factors of 203011?
203011
List the prime factors of 654835.
5, 19, 61, 113
List the prime factors of 679369.
679369
List the prime factors of 58949.
11, 23, 233
List the prime factors of 4058569.
4058569
What are the prime factors of 34572455?
5, 971, 7121
List the prime factors of 20668485.
3, 5, 19, 47, 1543
What are the prime factors of 4752624?
2, 3, 99013
What are the prime factors of 8007108?
2, 3, 47, 14197
List the prime factors of 192486.
2, 3, 7, 4583
What are the prime factors of 2428263?
3, 17, 59, 269
List the prime factors of 33188.
2, 8297
List the prime factors of 3863798.
2, 619, 3121
List the prime factors of 1885958.
2, 942979
List the prime factors of 8131314.
2, 3, 1355219
What are the prime factors of 345237?
3, 115079
What are the prime factors of 12889667?
7, 467, 3943
What are the prime factors of 215621?
7, 30803
List the prime factors of 1038348.
2, 3, 28843
List the prime factors of 17633952.
2, 3, 7, 8747
List the prime factors of 8630320.
2, 5, 233, 463
What are the prime factors of 338702?
2, 7, 13, 1861
List the prime factors of 876221.
47, 103, 181
List the prime factors of 108159.
3, 31, 1163
What are the prime factors of 420604?
2, 71, 1481
List the prime factors of 1506071.
7, 215153
List the prime factors of 4765244.
2, 11, 108301
List the prime factors of 2393736.
2, 3, 17, 5867
List the prime factors of 8454812.
2, 2113703
What are the prime factors of 864201?
3, 13, 22159
What are the prime factors of 330013?
523, 631
What are the prime factors of 559134?
2, 3, 31063
What are the prime factors of 344143?
29, 11867
List the prime factors of 5771881.
61, 94621
List the prime factors of 60340.
2, 5, 7, 431
List the prime factors of 9476364.
2, 3, 19, 89, 467
List the prime factors of 687243.
3, 229081
List the prime factors of 1331297.
11, 37, 3271
What are the prime factors of 800203?
31, 83, 311
List the prime factors of 17757775.
5, 7, 17, 47, 127
What are the prime factors of 703660?
2, 5, 151, 233
What are the prime factors of 268883?
268883
List the prime factors of 148667.
148667
What are the prime factors of 68997?
3, 109, 211
List the prime factors of 9229584.
2, 3, 7, 13, 2113
List the prime factors of 2939102.
2, 61, 24091
What are the prime factors of 41643?
3, 7, 661
List the prime factors of 1844474.
2, 922237
What are the prime factors of 1993166?
2, 7, 142369
What are the prime factors of 29304493?
29304493
What are the prime factors of 3326223?
3, 137, 8093
What are the prime factors of 9234262?
2, 109, 42359
List the prime factors of 5450987.
5450987
List the prime factors of 1683729.
3, 187081
What are the prime factors of 6136875?
3, 5, 1091
What are the prime factors of 380664?
2, 3, 17, 311
What are the prime factors of 421705?
5, 19, 23, 193
List the prime factors of 212331.
3, 7, 10111
List the prime factors of 286751.
286751
What are the prime factors of 17466514?
2, 13, 17, 43, 919
List the prime factors of 1289343.
3, 11, 89, 439
List the prime factors of 4489026.
2, 3, 29, 25799
List the prime factors of 12657433.
97, 130489
List the prime factors of 15107397.
3, 1549, 3251
What are the prime factors of 207411?
3, 47, 1471
List the prime factors of 403747.
257, 1571
What are the prime factors of 2929065?
3, 5, 195271
What are the prime factors of 1452627?
3, 11, 67, 73
List the prime factors of 10484445.
3, 5, 601, 1163
What are the prime factors of 442089?
3, 49121
List the prime factors of 15060.
2, 3, 5, 251
List the prime factors of 38785234.
2, 1973, 9829
List the prime factors of 298800.
2, 3, 5, 83
What are the prime factors of 5969205?
3, 5, 11, 31, 389
What are the prime factors of 663307?
31, 21397
List the prime factors of 117241.
117241
What are the prime factors of 718115?
5, 31, 41, 113
What are the prime factors of 26171483?
13, 17, 118423
List the prime factors of 13100099.
2087, 6277
What are the prime factors of 75036?
2, 3, 13, 37
List the prime factors of 8519580.
2, 3, 5, 1753
What are the prime factors of 1190414?
2, 595207
What are the prime factors of 72049?
109, 661
What are the prime factors of 5884563?
3, 101, 19421
List the prime factors of 11597992.
2, 7, 71, 2917
List the prime factors of 11559999.
3, 